igit of k?
1
Let q(o) = 47*o**2 + 10*o + 7. Let f be q(-3). Let k = -161 + f. What is the units digit of k?
9
Let o = -28 + 32. Let s be 3 + o + (-8)/2. Suppose 3*d - 564 = 3*f, 976 = 5*d + f + s*f. What is the hundreds digit of d?
1
Suppose g - 12 = 3*b - 22, -2*g - 4 = -2*b. Suppose -249 = g*y - 3867. What is the thousands digit of y?
1
Suppose 6*o - 11*o + 40 = 0. Suppose -m - o*m = -3*m. Suppose 9*h + m*h - 1728 = 0. What is the tens digit of h?
9
Suppose 71*h - 274884 + 57505 = 85862. What is the units digit of h?
1
Let y be (-2 - (-4)/(-3))*(-129)/86. Suppose 1830 = y*s + 680. What is the units digit of s?
0
What is the tens digit of -202*(171/(-6) - 4)?
6
Suppose -2*r - 3 = 1. Let f be (((-1305)/18)/29)/(2/(-132)). What is the units digit of f + (0 - 1) + (-2 - r)?
4
Let a(h) = 5*h**3 - 102*h**2 - 95*h + 164. Let r(t) = t**3 - 25*t**2 - 24*t + 41. Let s(n) = 2*a(n) - 9*r(n). What is the hundreds digit of s(-19)?
1
Suppose -11*a - 56 = -12*a. Let x = 60 - a. Suppose -3*k = -3*i + 31 + 140, -x*k + 82 = i. What is the units digit of i?
2
Let s be (32/12 - 2)/(4/(-222)). Let p = -36 - s. What is the tens digit of p + -3 + -21*(-44)/6?
5
Let d(q) = -3*q**2 + 4*q - 2. Let r be d(3). Let w = -25 - r. Let g = 46 - w. What is the tens digit of g?
5
What is the tens digit of ((-24210)/21)/(19/(-133))?
7
Let i = 26224 + -14073. What is the ten thousands digit of i?
1
Let d(m) = -m**3 + 10*m**2 + 18*m - 65. Let j be d(11). Suppose 0 = -j*w + 613 + 719. What is the tens digit of w?
1
Let r = 50 + -29. Let z be (-365)/(-35) + (-9)/r. Suppose 5*m = z*m - 355. What is the units digit of m?
1
Let d = -25071 - -44411. What is the units digit of d?
0
Let x(o) = -4*o**3 + 11*o**2 + 2*o - 18. Let q(i) = -7*i**3 + 23*i**2 + 5*i - 35. Let d(r) = 3*q(r) - 5*x(r). What is the tens digit of d(8)?
0
What is the units digit of (-15)/315*-7*-4190*(-3)/2?
5
What is the tens digit of 147/(-126) + (-29524)/(-24)?
2
Let r(z) = -1136*z - 515. What is the tens digit of r(-15)?
2
What is the units digit of (-8 - (-4 - (9 + 3))) + (-139065)/(-5)?
1
Let y be ((-1)/((-8)/4))/((-3)/(-972)). Suppose -341 = 4*p + 35. Let f = y + p. What is the units digit of f?
8
Suppose 14*p - 3*p - 2497 = 0. Suppose 5*r - p + 17 = 0. What is the tens digit of r?
4
What is the units digit of 6*(8 + 850) - (-7)/1?
5
What is the tens digit of 90310/25 + 8 + 148/(-20)?
1
Let q(w) = -51*w**3 - w**2 + w + 1. Let n be (((-4)/(-1))/2)/(14 + -16). What is the units digit of q(n)?
0
Let w(t) = t**2 - 6*t + 1. Let l be w(11). Let o(a) = a**2 - 6*a - 19. Let v be o(9). Let f = l + v. What is the tens digit of f?
6
What is the ten thousands digit of (4 - 270333/(-14))*(-2 + 4)?
3
Let i(o) = -o**3 + o**2 + 117*o + 12096. What is the ten thousands digit of i(0)?
1
Let c(i) = 13 + 6 - 12 + 17*i. What is the units digit of c(9)?
0
Suppose -16*p + 15*p = 33*p - 103190. What is the hundreds digit of p?
0
Let a(m) = 181*m**2 + 28*m - 125. What is the units digit of a(-12)?
3
Let f(t) = 159*t. Let r(v) = 69*v - 136. Let o be r(2). What is the hundreds digit of f(o)?
3
Let n(y) = -y**2 + 29*y + 96. Let t be n(32). Suppose t = -26*h + 10*h + 7696. What is the hundreds digit of h?
4
Let o(j) = j**2 - 3*j + 1. Let q be o(-3). Suppose -q*c + 22343 = 3153. What is the hundreds digit of c?
0
Suppose 5*j = 7*i - 5*i - 1830, -4*j = 0. Suppose -3*n + 1053 = -i. What is the hundreds digit of n?
6
What is the tens digit of 251350/28 + 105/490?
7
Let h(w) = 864*w - 6. Let p be h(7). Suppose -17*c + p = -18506. What is the hundreds digit of c?
4
Let j = 49 + -51. Let t = j - 4. What is the units digit of 2/12*22 - (-4)/t?
3
Let z be (-3 + 2 + 2)*2. Let i be 3 + (-9 - -4) + (z - -1). What is the units digit of 6/(18/141) + (-1 - i)?
5
Let y be 28/(-10)*(-394 + -21). Let r = y - 562. What is the tens digit of r?
0
Let o(r) = -166 + 24 - 15 - 311 + 88*r + 42. What is the hundreds digit of o(6)?
1
Suppose -74*w - 108 = -3*q - 71*w, 5*q = -5*w + 230. Let y = 17 - 8. Suppose -y = p - q. What is the units digit of p?
2
Suppose -2312*y - 16116 = -2316*y. What is the thousands digit of y?
4
Let q = -127327 - -194854. What is the hundreds digit of q?
5
Let p be 94*(2 + 15) - -1. Let z = p + -357. Suppose 5*f + 4*f - z = 0. What is the units digit of f?
8
Let v be (-1 + 15/2)*(23 - 21). Suppose 4*n = v - 1. Suppose -n*f + 16 = -5*l + 868, f + 170 = l. What is the units digit of l?
1
Suppose 15*q = -1160 - 700. Suppose -l - 608 = -5*l. Let g = l + q. What is the units digit of g?
8
Suppose 12 = 4*g, -g + 9 = -6*i + 8*i. Suppose 2*o - i*o - 4*v + 592 = 0, 2*o = -5*v + 1193. What is the hundreds digit of o?
6
Let i = 343 - 301. What is the tens digit of (-454)/(-2) - (-6 + i)/(-9)?
3
Let k(d) = -560*d - 51 - 10 + 541*d. What is the units digit of k(-21)?
8
What is the thousands digit of (11297/(-3) + -3)*(-5)/((-75)/(-180))?
5
Let y(i) = -3623*i - 2559. What is the units digit of y(-11)?
4
Let r = 22260 - -7989. Suppose -27*b + r = -10818. What is the hundreds digit of b?
5
Let x be 0 - -2 - (0 - 3 - -2). Let d be (30/(-18) + x)/((-4)/6). What is the tens digit of ((-246)/9 + d)*(-5 - 4)?
6
Let b = 27 - 24. Suppose -5*v + 1825 = b*w, 7 = -2*v + 5. Suppose 5*k + 7*o = 4*o + 610, 4*o = -5*k + w. What is the tens digit of k?
2
Suppose -5*d = -3*l + 6173, -2*d - 3253 = -2*l + 861. What is the tens digit of l?
5
Let t(h) = -86*h - 16. Let f be t(6). Let b = 40 - f. What is the units digit of b?
2
Let g(z) = -6*z + 16*z + 3*z**2 - 15 + 7*z. Let w be g(6). Let q = -93 + w. What is the units digit of q?
2
Suppose 52*u - 53*u - 14 = 0. Let k(z) = -z**3 - 15*z**2 - 16*z - 21. Let a be k(u). Suppose 4*y + 141 = a*y. What is the units digit of y?
7
Let j = -1 - -12. Let d(q) = -j*q - 5*q**2 + 4*q**2 - q**2 + 5 + 3*q**2. What is the units digit of d(15)?
5
Suppose 4*t + 4*o = 54532, -o + 61660 + 6525 = 5*t. What is the ten thousands digit of t?
1
Suppose 3*g + 0*g = 3*v + 495, 0 = -3*g - 4*v + 460. What is the hundreds digit of -200*(-8)/(g/15)?
1
What is the hundreds digit of (-50)/(-125) - 8211/(-35)?
2
Suppose 25910*s - 78064 = 25896*s. What is the units digit of s?
6
Suppose 3*v + 8 = -4*c + 5*c, 9 = -3*v. Suppose -2*s - 206 = -s. What is the units digit of 2/4*c - s/4?
1
What is the thousands digit of (2/((-24)/(-136644)))/1?
1
Suppose 6*b + 12 = -0*b. Let f be b - 95 - (-4 + 0). Let g = -35 - f. What is the tens digit of g?
5
Let n(x) = 376*x**2 - 173*x - 1730. What is the thousands digit of n(-10)?
7
Suppose -90506 = -4*r + 5*n, 0 = -3*r - 1798*n + 1794*n + 67833. What is the thousands digit of r?
2
Let n be (-2)/(4 + (-915)/230). Let b = 177 + n. What is the units digit of b?
5
Let z(t) = 2*t**3 - 5*t**2 - 7*t + 3. Let y be (-56)/(-35)*(50/4)/5. Let h be 2/6 - 14/(-12)*y. What is the tens digit of z(h)?
9
Let m(o) = 2*o**2 + o + 2. Let k be m(-1). Let h be -37*k/(-6)*10. Suppose b + h = 2*p, 2*p + 82 = 3*p - 4*b. What is the tens digit of p?
9
Let h be 126/(-12) + ((-4)/(-1))/(-8). Let r(t) = 10*t**2 + 11*t + 39. What is the tens digit of r(h)?
2
Let y(l) be the third derivative of 17*l**4/24 - 10*l**3/3 + 87*l**2 - l. Suppose -5*v + 4*h = -18, v + 2*h + 18 = 5*v. What is the units digit of y(v)?
2
Let i = 39686 + -32282. What is the hundreds digit of i?
4
Let h = 75 + -72. Suppose 2*x + h = -99. Let y = x - -91. What is the tens digit of y?
4
Suppose i + 2*c = -0 + 2, 3*i - 3*c - 15 = 0. Suppose 0 = 5*d, -q + 942 = -7*d + i*d. What is the tens digit of q?
4
Suppose -4*m + 5513 = -7*z + 12*z, 3 = -z. What is the thousands digit of m?
1
Let t be 5/10 - (-2)/((-4)/(-5)). Suppose 32*q - t*q - 24592 = 0. What is the tens digit of q?
4
Let p(c) = -8*c**3 - 28*c**2 - 60*c - 33. What is the ten thousands digit of p(-12)?
1
Suppose 3*t = -46*m + 50*m + 34199, 3*m = -3*t + 34164. What is the units digit of t?
3
Suppose -3*j - 9*w = -6*w - 24720, w = -7. What is the units digit of j?
7
Suppose 0 = -16*b + 91445 + 24043. What is the tens digit of b?
1
Let k = 387 + -393. What is the hundreds digit of (-3082)/k - 38/57?
5
Suppose -4*r + s + 111044 = 15095, -5*r = -3*s - 119945. What is the hundreds digit of r?
9
Suppose 3*d - r + 27 = 4*r, 2*d + 4*r + 40 = 0. Let c be (d/(-49))/((-2)/(-14)). Suppose c*k - 195 = -49. What is the units digit of k?
3
Let 